[INFO] cloning repository https://github.com/docwilco/rune_pager
[INFO] running `Command { std: "git" "-c" "credential.helper=" "-c" "credential.helper=/workspace/cargo-home/bin/git-credential-null" "clone" "--bare" "https://github.com/docwilco/rune_pager" "/workspace/cache/git-repos/https%3A%2F%2Fgithub.com%2Fdocwilco%2Frune_pager", kill_on_drop: false }`
[INFO] [stderr] Cloning into bare repository '/workspace/cache/git-repos/https%3A%2F%2Fgithub.com%2Fdocwilco%2Frune_pager'...
[INFO] running `Command { std: "git" "rev-parse" "HEAD", kill_on_drop: false }`
[INFO] [stdout] ab48b36d835aff953f289e1a08bd1dfdcf855071
[INFO] checking docwilco/rune_pager against try#72f88fc4e9458f89516a0b8b0868f3718aec5b47 for pr-74989
[INFO] running `Command { std: "git" "clone" "/workspace/cache/git-repos/https%3A%2F%2Fgithub.com%2Fdocwilco%2Frune_pager" "/workspace/builds/worker-8/source", kill_on_drop: false }`
[INFO] [stderr] Cloning into '/workspace/builds/worker-8/source'...
[INFO] [stderr] done.
[INFO] validating manifest of git repo https://github.com/docwilco/rune_pager on toolchain 72f88fc4e9458f89516a0b8b0868f3718aec5b47
[INFO] running `Command { std: "/workspace/cargo-home/bin/cargo" "+72f88fc4e9458f89516a0b8b0868f3718aec5b47" "read-manifest" "--manifest-path" "Cargo.toml", kill_on_drop: false }`
[INFO] started tweaking git repo https://github.com/docwilco/rune_pager
[INFO] removed path dependency cached from git repo https://github.com/docwilco/rune_pager
[INFO] finished tweaking git repo https://github.com/docwilco/rune_pager
[INFO] tweaked toml for git repo https://github.com/docwilco/rune_pager written to /workspace/builds/worker-8/source/Cargo.toml
[INFO] crate git repo https://github.com/docwilco/rune_pager already has a lockfile, it will not be regenerated
[INFO] running `Command { std: "/workspace/cargo-home/bin/cargo" "+72f88fc4e9458f89516a0b8b0868f3718aec5b47" "fetch" "--locked" "--manifest-path" "Cargo.toml", kill_on_drop: false }`
[INFO] [stderr]     Updating crates.io index
[INFO] [stderr] error: the lock file /workspace/builds/worker-8/source/Cargo.lock needs to be updated but --locked was passed to prevent this
[INFO] [stderr] If you want to try to generate the lock file without accessing the network, use the --offline flag.
[INFO] the lockfile is outdated, regenerating it
[INFO] running `Command { std: "/workspace/cargo-home/bin/cargo" "+72f88fc4e9458f89516a0b8b0868f3718aec5b47" "generate-lockfile" "--manifest-path" "Cargo.toml" "-Zno-index-update", kill_on_drop: false }`
[INFO] [stderr]     Blocking waiting for file lock on package cache
[INFO] running `Command { std: "/workspace/cargo-home/bin/cargo" "+72f88fc4e9458f89516a0b8b0868f3718aec5b47" "fetch" "--locked" "--manifest-path" "Cargo.toml", kill_on_drop: false }`
[INFO] [stderr]     Blocking waiting for file lock on package cache
[INFO] [stderr]  Downloading crates ...
[INFO] [stderr]   Downloaded tokio-tls v0.2.1
[INFO] [stderr]   Downloaded websocket-base v0.24.0
[INFO] [stderr]   Downloaded cached_proc_macro v0.1.2
[INFO] [stderr]   Downloaded cached v0.16.0
[INFO] [stderr]   Downloaded websocket v0.24.0
[INFO] running `Command { std: "docker" "create" "-v" "/var/lib/crater-agent-workspace/builds/worker-8/target:/opt/rustwide/target:rw,Z" "-v" "/var/lib/crater-agent-workspace/builds/worker-8/source:/opt/rustwide/workdir:ro,Z" "-v" "/var/lib/crater-agent-workspace/cargo-home:/opt/rustwide/cargo-home:ro,Z" "-v" "/var/lib/crater-agent-workspace/rustup-home:/opt/rustwide/rustup-home:ro,Z" "-e" "SOURCE_DIR=/opt/rustwide/workdir" "-e" "CARGO_TARGET_DIR=/opt/rustwide/target" "-e" "CARGO_HOME=/opt/rustwide/cargo-home" "-e" "RUSTUP_HOME=/opt/rustwide/rustup-home" "-w" "/opt/rustwide/workdir" "-m" "1610612736" "--user" "0:0" "--network" "none" "rustops/crates-build-env@sha256:d92eaeed33fa75130ca1ee6c8a01d1ffb62bac859dfdfb3450e3e5d1c0146529" "/opt/rustwide/cargo-home/bin/cargo" "+72f88fc4e9458f89516a0b8b0868f3718aec5b47" "metadata" "--no-deps" "--format-version=1", kill_on_drop: false }`
[INFO] [stderr] WARNING: Your kernel does not support swap limit capabilities or the cgroup is not mounted. Memory limited without swap.
[INFO] [stdout] c9a74396298fd27d53743f8f9db8165ca52625df3c00bb63a636ad159b21d5ba
[INFO] running `Command { std: "docker" "start" "-a" "c9a74396298fd27d53743f8f9db8165ca52625df3c00bb63a636ad159b21d5ba", kill_on_drop: false }`
[INFO] running `Command { std: "docker" "inspect" "c9a74396298fd27d53743f8f9db8165ca52625df3c00bb63a636ad159b21d5ba", kill_on_drop: false }`
[INFO] running `Command { std: "docker" "rm" "-f" "c9a74396298fd27d53743f8f9db8165ca52625df3c00bb63a636ad159b21d5ba", kill_on_drop: false }`
[INFO] [stdout] c9a74396298fd27d53743f8f9db8165ca52625df3c00bb63a636ad159b21d5ba
[INFO] running `Command { std: "docker" "create" "-v" "/var/lib/crater-agent-workspace/builds/worker-8/target:/opt/rustwide/target:rw,Z" "-v" "/var/lib/crater-agent-workspace/builds/worker-8/source:/opt/rustwide/workdir:ro,Z" "-v" "/var/lib/crater-agent-workspace/cargo-home:/opt/rustwide/cargo-home:ro,Z" "-v" "/var/lib/crater-agent-workspace/rustup-home:/opt/rustwide/rustup-home:ro,Z" "-e" "SOURCE_DIR=/opt/rustwide/workdir" "-e" "CARGO_TARGET_DIR=/opt/rustwide/target" "-e" "CARGO_INCREMENTAL=0" "-e" "RUST_BACKTRACE=full" "-e" "RUSTFLAGS=--cap-lints=forbid" "-e" "CARGO_HOME=/opt/rustwide/cargo-home" "-e" "RUSTUP_HOME=/opt/rustwide/rustup-home" "-w" "/opt/rustwide/workdir" "-m" "1610612736" "--user" "0:0" "--network" "none" "rustops/crates-build-env@sha256:d92eaeed33fa75130ca1ee6c8a01d1ffb62bac859dfdfb3450e3e5d1c0146529" "/opt/rustwide/cargo-home/bin/cargo" "+72f88fc4e9458f89516a0b8b0868f3718aec5b47" "check" "--frozen" "--all" "--all-targets" "--message-format=json", kill_on_drop: false }`
[INFO] [stdout] a7aef7597950d765a9ec54b15e79cbef67a8b6fca8649acc25a41c2a4f249f51
[INFO] [stderr] WARNING: Your kernel does not support swap limit capabilities or the cgroup is not mounted. Memory limited without swap.
[INFO] running `Command { std: "docker" "start" "-a" "a7aef7597950d765a9ec54b15e79cbef67a8b6fca8649acc25a41c2a4f249f51", kill_on_drop: false }`
[INFO] [stderr]     Blocking waiting for file lock on package cache
[INFO] [stderr]    Compiling log v0.4.11
[INFO] [stderr]     Checking cfg-if v0.1.10
[INFO] [stderr]    Compiling autocfg v1.0.1
[INFO] [stderr]    Compiling unicode-xid v0.2.1
[INFO] [stderr]    Compiling syn v1.0.40
[INFO] [stderr]     Checking lazy_static v1.4.0
[INFO] [stderr]    Compiling pkg-config v0.3.18
[INFO] [stderr]     Checking futures-core v0.3.5
[INFO] [stderr]     Checking slab v0.4.2
[INFO] [stderr]     Checking fnv v1.0.7
[INFO] [stderr]    Compiling byteorder v1.3.4
[INFO] [stderr]     Checking pin-project-lite v0.1.7
[INFO] [stderr]    Compiling semver-parser v0.7.0
[INFO] [stderr]     Checking futures-io v0.3.5
[INFO] [stderr]     Checking once_cell v1.4.1
[INFO] [stderr]    Compiling bitflags v1.2.1
[INFO] [stderr]    Compiling autocfg v0.1.7
[INFO] [stderr]    Compiling serde_derive v1.0.116
[INFO] [stderr]    Compiling serde v1.0.116
[INFO] [stderr]    Compiling maybe-uninit v2.0.0
[INFO] [stderr]     Checking matches v0.1.8
[INFO] [stderr]    Compiling openssl v0.10.30
[INFO] [stderr]     Checking foreign-types-shared v0.1.1
[INFO] [stderr]     Checking tinyvec v0.3.4
[INFO] [stderr]    Compiling cache-padded v1.1.1
[INFO] [stderr]     Checking bytes v0.5.6
[INFO] [stderr]     Checking itoa v0.4.6
[INFO] [stderr]    Compiling version_check v0.9.2
[INFO] [stderr]    Compiling ppv-lite86 v0.2.9
[INFO] [stderr]    Compiling fastrand v1.3.5
[INFO] [stderr]    Compiling native-tls v0.2.4
[INFO] [stderr]    Compiling pin-project-internal v0.4.23
[INFO] [stderr]    Compiling parking v2.0.0
[INFO] [stderr]     Checking openssl-probe v0.1.2
[INFO] [stderr]    Compiling httparse v1.3.4
[INFO] [stderr]    Compiling waker-fn v1.1.0
[INFO] [stderr]    Compiling siphasher v0.3.3
[INFO] [stderr]    Compiling ryu v1.0.5
[INFO] [stderr]     Checking pin-utils v0.1.0
[INFO] [stderr]     Checking scopeguard v1.1.0
[INFO] [stderr]    Compiling event-listener v2.4.0
[INFO] [stderr]     Checking futures-sink v0.3.5
[INFO] [stderr]    Compiling vec-arena v0.5.2
[INFO] [stderr]    Compiling ident_case v1.0.1
[INFO] [stderr]    Compiling serde_json v1.0.57
[INFO] [stderr]    Compiling version_check v0.1.5
[INFO] [stderr]    Compiling async-task v3.0.0
[INFO] [stderr]    Compiling strsim v0.9.3
[INFO] [stderr]    Compiling scoped-tls v1.0.0
[INFO] [stderr]    Compiling atomic-waker v1.0.0
[INFO] [stderr]    Compiling parking v1.0.6
[INFO] [stderr]     Checking try-lock v0.2.3
[INFO] [stderr]     Checking tower-service v0.3.0
[INFO] [stderr]     Checking percent-encoding v1.0.1
[INFO] [stderr]     Checking safemem v0.3.3
[INFO] [stderr]    Compiling encoding_rs v0.8.24
[INFO] [stderr]     Checking percent-encoding v2.1.0
[INFO] [stderr]     Checking sha1 v0.6.0
[INFO] [stderr]     Checking linked-hash-map v0.5.3
[INFO] [stderr]    Compiling anyhow v1.0.32
[INFO] [stderr]     Checking language-tags v0.2.2
[INFO] [stderr]     Checking dtoa v0.4.6
[INFO] [stderr]     Checking mime v0.3.16
[INFO] [stderr]    Compiling proc-macro-hack v0.5.18
[INFO] [stderr]     Checking fallible-iterator v0.2.0
[INFO] [stderr]     Checking smallvec v1.4.2
[INFO] [stderr]     Checking ipnet v2.3.0
[INFO] [stderr]     Checking fallible-streaming-iterator v0.1.9
[INFO] [stderr]     Checking base64 v0.12.3
[INFO] [stderr]    Compiling getrandom v0.1.15
[INFO] [stderr]     Checking rand_core v0.3.1
[INFO] [stderr]     Checking rand_jitter v0.1.4
[INFO] [stderr]     Checking tracing-core v0.1.16
[INFO] [stderr]     Checking thread_local v1.0.1
[INFO] [stderr]     Checking futures-channel v0.3.5
[INFO] [stderr]     Checking unicode-bidi v0.3.4
[INFO] [stderr]     Checking futures-task v0.3.5
[INFO] [stderr]     Checking tokio-sync v0.1.8
[INFO] [stderr]     Checking foreign-types v0.3.2
[INFO] [stderr]    Compiling concurrent-queue v1.2.2
[INFO] [stderr]    Compiling semver v0.9.0
[INFO] [stderr]     Checking unicode-normalization v0.1.13
[INFO] [stderr]     Checking http v0.2.1
[INFO] [stderr]    Compiling rand_chacha v0.1.1
[INFO] [stderr]    Compiling rand_pcg v0.1.2
[INFO] [stderr]    Compiling rand v0.6.5
[INFO] [stderr]    Compiling crossbeam-utils v0.7.2
[INFO] [stderr]    Compiling indexmap v1.6.0
[INFO] [stderr]     Checking lock_api v0.3.4
[INFO] [stderr]    Compiling openssl-sys v0.9.58
[INFO] [stderr]    Compiling libsqlite3-sys v0.18.0
[INFO] [stderr]    Compiling phf_shared v0.8.0
[INFO] [stderr]    Compiling async-mutex v1.3.0
[INFO] [stderr]    Compiling unicase v2.6.0
[INFO] [stderr]    Compiling libc v0.2.77
[INFO] [stderr]    Compiling proc-macro2 v1.0.21
[INFO] [stderr]    Compiling memchr v2.3.3
[INFO] [stderr]     Checking lru-cache v0.1.2
[INFO] [stderr]     Checking rand_hc v0.1.0
[INFO] [stderr]     Checking rand_isaac v0.1.1
[INFO] [stderr]     Checking rand_xorshift v0.1.1
[INFO] [stderr]    Compiling unicase v1.4.2
[INFO] [stderr]    Compiling async-channel v1.4.2
[INFO] [stderr]    Compiling multitask v0.2.0
[INFO] [stderr]    Compiling rustc_version v0.2.3
[INFO] [stderr]     Checking iovec v0.1.4
[INFO] [stderr]     Checking num_cpus v1.13.0
[INFO] [stderr]     Checking net2 v0.2.35
[INFO] [stderr]     Checking socket2 v0.3.15
[INFO] [stderr]     Checking time v0.1.44
[INFO] [stderr]     Checking rand_os v0.1.3
[INFO] [stderr]     Checking futures-lite v0.1.11
[INFO] [stderr]     Checking smallvec v0.6.13
[INFO] [stderr]     Checking idna v0.2.0
[INFO] [stderr]     Checking idna v0.1.5
[INFO] [stderr]     Checking polling v0.1.9
[INFO] [stderr]     Checking tracing v0.1.19
[INFO] [stderr]     Checking want v0.3.0
[INFO] [stderr]     Checking log v0.3.9
[INFO] [stderr]     Checking kv-log-macro v1.0.7
[INFO] [stderr]    Compiling quote v1.0.7
[INFO] [stderr]     Checking bytes v0.4.12
[INFO] [stderr]     Checking base64 v0.10.1
[INFO] [stderr]     Checking base64 v0.9.3
[INFO] [stderr]     Checking mio v0.6.22
[INFO] [stderr]     Checking regex v1.3.9
[INFO] [stderr]    Compiling parking_lot_core v0.6.2
[INFO] [stderr]    Compiling parking_lot v0.9.0
[INFO] [stderr]     Checking mime v0.2.6
[INFO] [stderr]     Checking url v1.7.2
[INFO] [stderr]     Checking async-io v0.1.11
[INFO] [stderr]     Checking blocking v0.5.2
[INFO] [stderr]    Compiling rand_core v0.5.1
[INFO] [stderr]     Checking url v2.1.1
[INFO] [stderr]     Checking tokio-io v0.1.13
[INFO] [stderr]    Compiling mime_guess v2.0.3
[INFO] [stderr]     Checking http-body v0.3.1
[INFO] [stderr]     Checking tokio-executor v0.1.10
[INFO] [stderr]    Compiling rand_pcg v0.2.1
[INFO] [stderr]    Compiling rand_chacha v0.2.2
[INFO] [stderr]     Checking hyper v0.10.16
[INFO] [stderr]     Checking tokio v0.2.22
[INFO] [stderr]     Checking async-executor v0.1.2
[INFO] [stderr]     Checking tokio-codec v0.1.2
[INFO] [stderr]    Compiling rand v0.7.3
[INFO] [stderr]     Checking tokio-reactor v0.1.12
[INFO] [stderr]     Checking tokio-tcp v0.1.4
[INFO] [stderr]    Compiling phf_generator v0.8.0
[INFO] [stderr]    Compiling phf_codegen v0.8.0
[INFO] [stderr]     Checking tokio-util v0.3.1
[INFO] [stderr]     Checking tokio-tls v0.3.1
[INFO] [stderr]     Checking tokio-tls v0.2.1
[INFO] [stderr]     Checking websocket-base v0.24.0
[INFO] [stderr]     Checking websocket v0.24.0
[INFO] [stderr]    Compiling darling_core v0.10.2
[INFO] [stderr]     Checking rusqlite v0.23.1
[INFO] [stderr]    Compiling async-attributes v1.1.1
[INFO] [stderr]    Compiling phf_macros v0.8.0
[INFO] [stderr]    Compiling darling_macro v0.10.2
[INFO] [stderr]    Compiling async-std v1.6.3
[INFO] [stderr]     Checking phf v0.8.0
[INFO] [stderr]    Compiling darling v0.10.2
[INFO] [stderr]     Checking pin-project v0.4.23
[INFO] [stderr]     Checking futures-util v0.3.5
[INFO] [stderr]     Checking h2 v0.2.6
[INFO] [stderr]    Compiling cached_proc_macro v0.1.2
[INFO] [stderr]     Checking cached v0.16.0
[INFO] [stderr]     Checking serde_urlencoded v0.6.1
[INFO] [stderr]     Checking hyper v0.13.7
[INFO] [stderr]    Compiling rune_pager v0.1.0 (/opt/rustwide/workdir)
[INFO] [stderr]     Checking hyper-tls v0.4.3
[INFO] [stderr]     Checking reqwest v0.10.8
[INFO] [stdout] error[E0308]: mismatched types
[INFO] [stdout]    --> src/main.rs:261:1
[INFO] [stdout]     |
[INFO] [stdout] 261 | #[cached(time = 64800, result = true)]
[INFO] [stdout]     | ^^^^^^^^^^^^^^^^^^^^^^^^^^^^^^^^^^^^^^ expected enum `std::result::Result`, found reference
[INFO] [stdout] 262 | fn get_mobalytics_info(champ_id: u64) -> Result<Vec<(RunePage, (u64, u64))>> {
[INFO] [stdout]     |                                          ----------------------------------- expected `std::result::Result<Vec<(RunePage, (u64, u64))>, anyhow::Error>` because of return type
[INFO] [stdout]     |
[INFO] [stdout]     = note:   expected enum `std::result::Result<Vec<(RunePage, (u64, u64))>, anyhow::Error>`
[INFO] [stdout]             found reference `&std::result::Result<Vec<(RunePage, (u64, u64))>, anyhow::Error>`
[INFO] [stdout]     = note: this error originates in an attribute macro (in Nightly builds, run with -Z macro-backtrace for more info)
[INFO] [stdout] 
[INFO] [stdout] 
[INFO] [stdout] error[E0599]: no method named `clone` found for enum `std::result::Result<Vec<(RunePage, (u64, u64))>, anyhow::Error>` in the current scope
[INFO] [stdout]    --> src/main.rs:261:1
[INFO] [stdout]     |
[INFO] [stdout] 261 |   #[cached(time = 64800, result = true)]
[INFO] [stdout]     |   ^^^^^^^^^^^^^^^^^^^^^^^^^^^^^^^^^^^^^^ method not found in `std::result::Result<Vec<(RunePage, (u64, u64))>, anyhow::Error>`
[INFO] [stdout]     | 
[INFO] [stdout]    ::: /opt/rustwide/cargo-home/registry/src/github.com-1ecc6299db9ec823/anyhow-1.0.32/src/lib.rs:352:1
[INFO] [stdout]     |
[INFO] [stdout] 352 |   pub struct Error {
[INFO] [stdout]     |   ---------------- doesn't satisfy `anyhow::Error: Clone`
[INFO] [stdout]     |
[INFO] [stdout]     = note: the method `clone` exists but the following trait bounds were not satisfied:
[INFO] [stdout]             `anyhow::Error: Clone`
[INFO] [stdout]             which is required by `std::result::Result<Vec<(RunePage, (u64, u64))>, anyhow::Error>: Clone`
[INFO] [stdout]     = note: this error originates in an attribute macro (in Nightly builds, run with -Z macro-backtrace for more info)
[INFO] [stdout] 
[INFO] [stdout] 
[INFO] [stdout] error[E0308]: mismatched types
[INFO] [stdout]    --> src/main.rs:261:1
[INFO] [stdout]     |
[INFO] [stdout] 261 | #[cached(time = 64800, result = true)]
[INFO] [stdout]     | ^^^^^^^^^^^^^^^^^^^^^^^^^^^^^^^^^^^^^^ expected enum `std::result::Result`, found reference
[INFO] [stdout] 262 | fn get_mobalytics_info(champ_id: u64) -> Result<Vec<(RunePage, (u64, u64))>> {
[INFO] [stdout]     |                                          ----------------------------------- expected `std::result::Result<Vec<(RunePage, (u64, u64))>, anyhow::Error>` because of return type
[INFO] [stdout]     |
[INFO] [stdout]     = note:   expected enum `std::result::Result<Vec<(RunePage, (u64, u64))>, anyhow::Error>`
[INFO] [stdout]             found reference `&std::result::Result<Vec<(RunePage, (u64, u64))>, anyhow::Error>`
[INFO] [stdout]     = note: this error originates in an attribute macro (in Nightly builds, run with -Z macro-backtrace for more info)
[INFO] [stdout] 
[INFO] [stdout] 
[INFO] [stdout] error[E0599]: no method named `clone` found for enum `std::result::Result<Vec<(RunePage, (u64, u64))>, anyhow::Error>` in the current scope
[INFO] [stdout]    --> src/main.rs:261:1
[INFO] [stdout]     |
[INFO] [stdout] 261 |   #[cached(time = 64800, result = true)]
[INFO] [stdout]     |   ^^^^^^^^^^^^^^^^^^^^^^^^^^^^^^^^^^^^^^ method not found in `std::result::Result<Vec<(RunePage, (u64, u64))>, anyhow::Error>`
[INFO] [stdout]     | 
[INFO] [stdout]    ::: /opt/rustwide/cargo-home/registry/src/github.com-1ecc6299db9ec823/anyhow-1.0.32/src/lib.rs:352:1
[INFO] [stdout]     |
[INFO] [stdout] 352 |   pub struct Error {
[INFO] [stdout]     |   ---------------- doesn't satisfy `anyhow::Error: Clone`
[INFO] [stdout]     |
[INFO] [stdout]     = note: the method `clone` exists but the following trait bounds were not satisfied:
[INFO] [stdout]             `anyhow::Error: Clone`
[INFO] [stdout]             which is required by `std::result::Result<Vec<(RunePage, (u64, u64))>, anyhow::Error>: Clone`
[INFO] [stdout]     = note: this error originates in an attribute macro (in Nightly builds, run with -Z macro-backtrace for more info)
[INFO] [stdout] 
[INFO] [stdout] 
[INFO] [stdout] error: aborting due to 2 previous errors
[INFO] [stdout] 
[INFO] [stdout] 
[INFO] [stdout] Some errors have detailed explanations: E0308, E0599.
[INFO] [stdout] 
[INFO] [stdout] For more information about an error, try `rustc --explain E0308`.
[INFO] [stdout] 
[INFO] [stdout] error: aborting due to 2 previous errors
[INFO] [stdout] 
[INFO] [stdout] 
[INFO] [stdout] Some errors have detailed explanations: E0308, E0599.
[INFO] [stdout] 
[INFO] [stdout] For more information about an error, try `rustc --explain E0308`.
[INFO] [stdout] 
[INFO] [stderr] error: could not compile `rune_pager`.
[INFO] [stderr] 
[INFO] [stderr] To learn more, run the command again with --verbose.
[INFO] [stderr] warning: build failed, waiting for other jobs to finish...
[INFO] [stderr] error: build failed
[INFO] running `Command { std: "docker" "inspect" "a7aef7597950d765a9ec54b15e79cbef67a8b6fca8649acc25a41c2a4f249f51", kill_on_drop: false }`
[INFO] running `Command { std: "docker" "rm" "-f" "a7aef7597950d765a9ec54b15e79cbef67a8b6fca8649acc25a41c2a4f249f51", kill_on_drop: false }`
[INFO] [stdout] a7aef7597950d765a9ec54b15e79cbef67a8b6fca8649acc25a41c2a4f249f51
